e the prime factors of 31151930?
2, 5, 3115193
What are the prime factors of 1413039?
3, 331, 1423
List the prime factors of 25187288.
2, 7, 449773
What are the prime factors of 4011587?
59, 67993
What are the prime factors of 10156005?
3, 5, 225689
What are the prime factors of 116185?
5, 19, 1223
What are the prime factors of 154317?
3, 51439
List the prime factors of 285021.
3, 11, 2879
What are the prime factors of 12850963?
17, 53, 839
List the prime factors of 480599.
7, 71, 967
What are the prime factors of 434669?
593, 733
What are the prime factors of 300323?
300323
What are the prime factors of 5789807?
131, 193, 229
List the prime factors of 137556.
2, 3, 3821
List the prime factors of 85329.
3, 19, 499
What are the prime factors of 367712?
2, 11491
List the prime factors of 14308275.
3, 5, 71, 2687
What are the prime factors of 3476018?
2, 7, 13, 71, 269
What are the prime factors of 3825766?
2, 7, 273269
What are the prime factors of 21405403?
41, 522083
List the prime factors of 93669.
3, 31223
List the prime factors of 268499.
7, 11, 317
What are the prime factors of 277625?
5, 2221
List the prime factors of 169730.
2, 5, 11, 1543
What are the prime factors of 6578853?
3, 29, 75619
What are the prime factors of 6619076?
2, 29, 43, 1327
What are the prime factors of 9208609?
193, 47713
What are the prime factors of 4556416?
2, 35597
List the prime factors of 2572207.
11, 233837
What are the prime factors of 238960?
2, 5, 29, 103
List the prime factors of 217505.
5, 41, 1061
What are the prime factors of 77464?
2, 23, 421
List the prime factors of 7421296.
2, 463831
List the prime factors of 4189125.
3, 5, 11171
What are the prime factors of 10599665?
5, 23, 61, 1511
What are the prime factors of 12246?
2, 3, 13, 157
List the prime factors of 33138662.
2, 16569331
What are the prime factors of 345804?
2, 3, 28817
List the prime factors of 4157644.
2, 239, 4349
List the prime factors of 374159.
374159
List the prime factors of 15373205.
5, 3074641
List the prime factors of 44216.
2, 5527
List the prime factors of 1018357.
1018357
List the prime factors of 327935.
5, 65587
List the prime factors of 119825.
5, 4793
What are the prime factors of 8391897?
3, 17, 47, 389
List the prime factors of 867878.
2, 11, 103, 383
List the prime factors of 145628.
2, 7, 743
List the prime factors of 9591807.
3, 47, 59, 1153
List the prime factors of 345088.
2, 337
List the prime factors of 251367.
3, 23, 3643
What are the prime factors of 5767278?
2, 3, 11, 87383
What are the prime factors of 1892645?
5, 43, 8803
What are the prime factors of 568531?
17, 53, 631
What are the prime factors of 9399149?
181, 51929
List the prime factors of 271497.
3, 90499
What are the prime factors of 938776?
2, 43, 2729
List the prime factors of 24891.
3, 8297
What are the prime factors of 22266?
2, 3, 1237
What are the prime factors of 23005658?
2, 13, 17, 23, 31, 73
List the prime factors of 187863.
3, 13, 4817
List the prime factors of 92325.
3, 5, 1231
List the prime factors of 202492.
2, 23, 31, 71
What are the prime factors of 100467?
3, 61
List the prime factors of 13018754.
2, 7, 157, 5923
List the prime factors of 612344.
2, 76543
List the prime factors of 644215.
5, 11, 13, 17, 53
List the prime factors of 1610425.
5, 37, 1741
List the prime factors of 651279.
3, 31, 47, 149
List the prime factors of 87424.
2, 683
List the prime factors of 147478.
2, 19, 3881
What are the prime factors of 627436?
2, 17, 9227
List the prime factors of 5570722.
2, 47, 59263
List the prime factors of 20496195.
3, 5, 455471
List the prime factors of 1653690.
2, 3, 5, 199, 277
What are the prime factors of 230497?
53, 4349
List the prime factors of 2239179.
3, 151, 4943
What are the prime factors of 4232556?
2, 3, 117571
What are the prime factors of 336130?
2, 5, 33613
What are the prime factors of 10686876?
2, 3, 43, 139, 149
What are the prime factors of 8029100?
2, 5, 17, 4723
What are the prime factors of 239191?
19, 12589
List the prime factors of 24332.
2, 7, 11, 79
What are the prime factors of 8782813?
13, 675601
List the prime factors of 64064.
2, 7, 11, 13
List the prime factors of 336491.
336491
List the prime factors of 20866.
2, 10433
What are the prime factors of 754739?
754739
What are the prime factors of 7055675?
5, 11, 25657
List the prime factors of 290318.
2, 7, 89, 233
What are the prime factors of 1414499?
31, 103, 443
What are the prime factors of 7795114?
2, 23, 97, 1747
List the prime factors of 212719.
13, 16363
List the prime factors of 168889.
7, 23, 1049
What are the prime factors of 117613?
337, 349
What are the prime factors of 7848844?
2, 1962211
List the prime factors of 1435980.
2, 3, 5, 7, 13, 263
List the prime factors of 126032.
2, 7877
List the prime factors of 909972.
2, 3, 7, 23, 157
List the prime factors of 671491.
31, 21661
List the prime factors of 353812.
2, 197, 449
List the prime factors of 1197200.
2, 5, 41, 73
What are the prime factors of 380145?
3, 5, 25343
List the prime factors of 510486.
2, 3, 85081
List the prime factors of 4649557.
11, 331, 1277
What are the prime factors of 18025175?
5, 7, 103001
List the prime factors of 28167.
3, 41, 229
What are the prime factors of 2542191?
3, 593, 1429
What are the prime factors of 160577?
103, 1559
What are the prime factors of 1394406?
2, 3, 13, 59, 101
What are the prime factors of 417560?
2, 5, 11, 13, 73
What are the prime factors of 935687?
935687
What are the prime factors of 194448?
2, 3, 4051
List the prime factors of 2545710.
2, 3, 5, 84857
What are the prime factors of 162115?
5, 32423
What are the prime factors of 267727?
267727
What are the prime factors of 920557?
11, 53, 1579
What are the prime factors of 140252?
2, 7, 5009
List the prime factors of 16883.
16883
What are the prime factors of 13939019?
1559, 8941
What are the prime factors of 85306?
2, 13, 17, 193
What are the prime factors of 5754471?
3, 1918157
What are the prime factors of 1372889?
7, 29, 6763
List the prime factors of 917779.
17, 53987
What are the prime factors of 3656931?
3, 23, 52999
What are the prime factors of 263643?
3, 87881
List the prime factors of 1186585.
5, 43, 5519
List the prime factors of 1306564.
2, 7, 46663
List the prime factors of 1216366.
2, 409, 1487
List the prime factors of 16372205.
5, 19, 23, 59, 127
List the prime factors of 925068.
2, 3, 127, 607
List the prime factors of 2642031.
3, 7, 1997
What are the prime factors of 1112621?
19, 31, 1889
What are the prime factors of 4416296?
2, 263, 2099
What are the prime factors of 167660?
2, 5, 83, 101
What are the prime factors of 4031247?
3, 11, 151, 809
List the prime factors of 1194134.
2, 73, 8179
What are the prime factors of 363978?
2, 3, 73, 277
What are the prime factors of 48267?
3, 31, 173
What are the prime factors of 109126?
2, 54563
List the prime factors of 7906245.
3, 5, 193, 2731
What are the prime factors of 324801?
3, 151, 239
What are the prime factors of 3733645?
5, 211, 3539
What are the prime factors of 4136019?
3, 1378673
List the prime factors of 135250.
2, 5, 541
What are the prime factors of 308909?
107, 2887
What are the prime factors of 3051309?
3, 223, 4561
List the prime factors of 138557.
127, 1091
List the prime factors of 10213322.
2, 7, 31, 101, 233
List the prime factors of 16871.
16871
List the prime factors of 2686875.
3, 5, 1433
List the prime factors of 13618027.
41, 332147
List the prime factors of 309241.
309241
What are the prime factors of 20976514?
2, 13, 806789
What are the prime factors of 2086546?
2, 7, 11, 17, 797
List the prime factors of 1509665.
5, 301933
List the prime factors of 293445.
3, 5, 6521
What are the prime factors of 851258?
2, 17, 25037
List the prime factors of 93604.
2, 7, 3343
What are the prime factors of 483641?
83, 5827
What are the prime factors of 11745867?
3, 7, 569, 983
What are the prime factors of 120834?
2, 3, 7, 137
What are the prime factors of 6584148?
2, 3, 182893
List the prime factors of 2752798.
2, 397, 3467
List the prime factors of 15598233.
3, 7, 247591
List the prime factors of 475607.
11, 43237
List the prime factors of 1398007.
13, 31, 3469
What are the prime factors of 3537144?
2, 3, 13, 3779
What are the prime factors of 56610?
2, 